{"id":225,"date":"2018-11-07T09:06:45","date_gmt":"2018-11-07T08:06:45","guid":{"rendered":"https:\/\/www.patriarcatovenezia.it\/Evangelizzazione-e-Catechesi\/?page_id=225"},"modified":"2023-11-14T13:50:33","modified_gmt":"2023-11-14T12:50:33","slug":"bambini-e-ragazzi","status":"publish","type":"page","link":"https:\/\/oldpatriarcatovenezia.glauco.it\/Evangelizzazione-e-Catechesi\/attivita\/bambini-e-ragazzi\/","title":{"rendered":"Bambini e Ragazzi"},"content":{"rendered":"<p style=\"text-align: center\">In questa pagina vengono inserite di anno in anno le proposte rivolte ai gruppi di bambini e di ragazzi, principalmente per i tempi forti dell&#8217;anno liturgico, ma anche per altri eventi&#8230;<\/p>\n<hr \/>\n<img loading=\"lazy\" class=\" wp-image-4351 alignleft\" src=\"https:\/\/www.patriarcatovenezia.it\/Evangelizzazione-e-Catechesi\/wp-content\/uploads\/sites\/2\/2023\/11\/loc_IdC2023-212x300.jpg\" alt=\"\" width=\"228\" height=\"323\" \/>\n<h4><strong><span style=\"color: #993366\">INCONTRO DELLA CARITA&#8217; 2023<\/span><\/strong><\/h4>\n<p>Ehggi\u00e0! Che cosa ce ne facciamo di un\u2019atmosfera \u201cmagica\u201d e \u201ccalda\u201d&#8230; se non andiamo in cerca di CHI ne \u00e8 la fonte?<\/p>\n<p>I bambini dai 6 ai 10 anni \u2013 quest\u2019anno anche quelli di 5 anni sono invitati! \u2013 con i loro genitori, si recheranno<br \/>\n<strong>DOMENICA 3 DICEMBRE, ORE 15:30<\/strong>\u00a0nella <strong>Basilica Cattedrale di San Marco a Venezia<\/strong><br \/>\nper farsi proprio questa domanda assieme al Patriarca Francesco:\u00a0<strong>MA COME SI FA NATALE?<\/strong><\/p>\n<p>Accompagnati da un\u2019animazione semplice e gioiosa, dai canti del\u00a0<strong>Coro SGEV<\/strong>\u00a0e dalle parole che il nostro Patriarca vorr\u00e0 regalarci\u2026 l\u2019incontro promuover\u00e0 anche l\u2019attivit\u00e0 della\u00a0<strong>CARITAS DIOCESANA<\/strong>\u00a0affinch\u00e9 il nostro Natale sia davvero annuncio della nascita di Ges\u00f9 Bambino, il Dio-con-tutti gli uomini e le donne di ogni tempo. Perch\u00e9 non ci si dimentichi del povero che frequenta le mense quotidianamente, viene lanciata la raccolta offerte:\u00a0<strong>AGGIUNGI UN PASTO\u2026 IN TAVOLA\u00a0<\/strong><\/p>\n<p>L\u2019Avvento di fraternit\u00e0 si colora cos\u00ec di quel gesto semplice che \u00e8 la condivisione di un pasto caldo, consumato in un ambiente accogliente e tra volti che sanno di famiglia, anche per chi \u00e8 solo o vive momenti di fatica.<br \/>\n<em>Come il buon samaritano della parabola di Ges\u00f9, mosso da compassione, non passa accanto con indifferenza a chi \u00e8 incappato nei briganti, ma si china su di lui e lo affida al locandiere pagando il conto perch\u00e9 ne abbia cura\u2026 <\/em><em>altrettanto noi, non potendo sedere concretamente a tavola con chi \u00e8 povero, ce ne facciamo per\u00f2 carico attraverso quanti si adoperano nelle mense dei poveri.<\/em><\/p>\n<p>Il 30 novembre (ritiro di Avvento dei preti) e all\u2019Incontro della Carit\u00e0 stesso saranno distribuiti i\u00a0<strong>salvadanai<\/strong>\u00a0per la raccolta\u00a0<strong><em>\u201cAvvento di fraternit\u00e0\u201d<\/em><\/strong><\/p>\n<hr \/>\n<p>Materiali a disposizione<span style=\"color: #000080\"><strong><img loading=\"lazy\" class=\" wp-image-4360 alignright\" src=\"https:\/\/www.patriarcatovenezia.it\/Evangelizzazione-e-Catechesi\/wp-content\/uploads\/sites\/2\/2023\/11\/promo_Aggiungi1pAsto-1-300x213.jpg\" alt=\"\" width=\"439\" height=\"312\" srcset=\"https:\/\/oldpatriarcatovenezia.glauco.it\/Evangelizzazione-e-Catechesi\/wp-content\/uploads\/sites\/2\/2023\/11\/promo_Aggiungi1pAsto-1-300x213.jpg 300w, https:\/\/oldpatriarcatovenezia.glauco.it\/Evangelizzazione-e-Catechesi\/wp-content\/uploads\/sites\/2\/2023\/11\/promo_Aggiungi1pAsto-1-1024x726.jpg 1024w, https:\/\/oldpatriarcatovenezia.glauco.it\/Evangelizzazione-e-Catechesi\/wp-content\/uploads\/sites\/2\/2023\/11\/promo_Aggiungi1pAsto-1-768x544.jpg 768w, https:\/\/oldpatriarcatovenezia.glauco.it\/Evangelizzazione-e-Catechesi\/wp-content\/uploads\/sites\/2\/2023\/11\/promo_Aggiungi1pAsto-1-360x255.jpg 360w, https:\/\/oldpatriarcatovenezia.glauco.it\/Evangelizzazione-e-Catechesi\/wp-content\/uploads\/sites\/2\/2023\/11\/promo_Aggiungi1pAsto-1-1536x1089.jpg 1536w, https:\/\/oldpatriarcatovenezia.glauco.it\/Evangelizzazione-e-Catechesi\/wp-content\/uploads\/sites\/2\/2023\/11\/promo_Aggiungi1pAsto-1-2048x1451.jpg 2048w, https:\/\/oldpatriarcatovenezia.glauco.it\/Evangelizzazione-e-Catechesi\/wp-content\/uploads\/sites\/2\/2023\/11\/promo_Aggiungi1pAsto-1-1320x936.jpg 1320w\" sizes=\"(max-width: 439px) 100vw, 439px\" \/><\/strong><\/span><\/p>\n<p><strong>LOCANDINA \u2013 Incontro della carit\u00e0 2023<\/strong><\/p>\n<ul>\n<li><a title=\"\" href=\"https:\/\/www.patriarcatovenezia.it\/Evangelizzazione-e-Catechesi\/wp-content\/uploads\/sites\/2\/2023\/11\/loc_IdC2023.pdf\" target=\"_blank\" rel=\"noopener\">pdf per la stampa<\/a><\/li>\n<li><a title=\"\" href=\"https:\/\/www.patriarcatovenezia.it\/Evangelizzazione-e-Catechesi\/wp-content\/uploads\/sites\/2\/2023\/11\/loc_IdC2023-scaled-e1699875490822.jpg\" target=\"_blank\" rel=\"noopener\" data-rel=\"lightbox-image-bGlnaHRib3gtaW1hZ2UtMA==\" data-rl_title=\"\" data-rl_caption=\"\" data-rl_title=\"\" data-rl_caption=\"\">locandina per la promozione social\u00a0<\/a><\/li>\n<\/ul>\n<p><strong>AGGIUNGI UN PASTO\u2026 IN TAVOLA \u2013 gesto di carit\u00e0 per le famiglie e le comunit\u00e0<\/strong><\/p>\n<ul>\n<li><a title=\"\" href=\"https:\/\/www.patriarcatovenezia.it\/Evangelizzazione-e-Catechesi\/wp-content\/uploads\/sites\/2\/2023\/11\/promo_Aggiungi1pasto.pdf\" target=\"_blank\" rel=\"noopener\">foglio di spiegazione<\/a><\/li>\n<li><a title=\"\" href=\"https:\/\/www.patriarcatovenezia.it\/Evangelizzazione-e-Catechesi\/wp-content\/uploads\/sites\/2\/2023\/11\/promo_Aggiungi1pAsto.jpg\" target=\"_blank\" rel=\"noopener\" data-rel=\"lightbox-image-bGlnaHRib3gtaW1hZ2UtMQ==\" data-rl_title=\"\" data-rl_caption=\"\" data-rl_title=\"\" data-rl_caption=\"\">card per la promozione<\/a><\/li>\n<\/ul>\n<h4 style=\"text-align: right\"><\/h4>\n<h4><\/h4>\n<hr \/>\n<h4><span style=\"color: #000000\"><a href=\"https:\/\/www.patriarcatovenezia.it\/Evangelizzazione-e-Catechesi\/wp-content\/uploads\/sites\/2\/2016\/01\/archivioraga.png\" data-rel=\"lightbox-image-2\" data-rl_title=\"\" data-rl_caption=\"\" title=\"\"><img loading=\"lazy\" class=\"wp-image-638 aligncenter\" src=\"https:\/\/www.patriarcatovenezia.it\/Evangelizzazione-e-Catechesi\/wp-content\/uploads\/sites\/2\/2016\/01\/archivioraga-300x35.png\" alt=\"archivioraga\" width=\"471\" height=\"55\" srcset=\"https:\/\/oldpatriarcatovenezia.glauco.it\/Evangelizzazione-e-Catechesi\/wp-content\/uploads\/sites\/2\/2016\/01\/archivioraga-300x35.png 300w, https:\/\/oldpatriarcatovenezia.glauco.it\/Evangelizzazione-e-Catechesi\/wp-content\/uploads\/sites\/2\/2016\/01\/archivioraga-1024x119.png 1024w, https:\/\/oldpatriarcatovenezia.glauco.it\/Evangelizzazione-e-Catechesi\/wp-content\/uploads\/sites\/2\/2016\/01\/archivioraga-360x42.png 360w\" sizes=\"(max-width: 471px) 100vw, 471px\" \/><\/a><\/span><\/h4>\n<h4 style=\"text-align: center\"><span style=\"color: #000000\">L&#8217;ufficio evangelizzazione e catechesi collabora con la<\/span><\/h4>\n<h4 style=\"text-align: center\"><span style=\"color: #ba021e\"><strong>Pastorale dei RAGAZZI<\/strong>\u00a0 (11-14 anni) &#8211;\u00a0<\/span><span style=\"color: #ba021e\">resp. REDIGOLO don Riccardo<a href=\"https:\/\/www.patriarcatovenezia.it\/pastorale-giovanile\/\" target=\"_blank\" rel=\"noopener\"><img loading=\"lazy\" class=\"aligncenter wp-image-4006 size-medium\" src=\"https:\/\/www.patriarcatovenezia.it\/Evangelizzazione-e-Catechesi\/wp-content\/uploads\/sites\/2\/2022\/06\/LOGO-pastorale-giovanile-300x111.png\" alt=\"\" width=\"300\" height=\"111\" srcset=\"https:\/\/oldpatriarcatovenezia.glauco.it\/Evangelizzazione-e-Catechesi\/wp-content\/uploads\/sites\/2\/2022\/06\/LOGO-pastorale-giovanile-300x111.png 300w, https:\/\/oldpatriarcatovenezia.glauco.it\/Evangelizzazione-e-Catechesi\/wp-content\/uploads\/sites\/2\/2022\/06\/LOGO-pastorale-giovanile-360x133.png 360w, https:\/\/oldpatriarcatovenezia.glauco.it\/Evangelizzazione-e-Catechesi\/wp-content\/uploads\/sites\/2\/2022\/06\/LOGO-pastorale-giovanile.png 578w\" sizes=\"(max-width: 300px) 100vw, 300px\" \/><\/a><\/span><\/h4>\n<p>&nbsp;<\/p>\n<p>&nbsp;<\/p>\n<p>&nbsp;<\/p>\n","protected":false},"excerpt":{"rendered":"<p>In questa pagina vengono inserite di anno in anno le proposte rivolte ai gruppi di bambini e di ragazzi, principalmente per i tempi forti dell&#8217;anno liturgico, ma anche per altri eventi&#8230; INCONTRO DELLA CARITA&#8217; 2023 Ehggi\u00e0! Che cosa ce ne facciamo di un\u2019atmosfera \u201cmagica\u201d e \u201ccalda\u201d&#8230; se non andiamo in cerca di CHI ne \u00e8&#8230;  <a class=\"excerpt-read-more\" href=\"https:\/\/oldpatriarcatovenezia.glauco.it\/Evangelizzazione-e-Catechesi\/attivita\/bambini-e-ragazzi\/\" title=\"Leggi Bambini e Ragazzi\">&raquo; continua<\/a><\/p>\n","protected":false},"author":9,"featured_media":0,"parent":2158,"menu_order":2,"comment_status":"closed","ping_status":"closed","template":"page-simple.php","meta":{"ip_address":"","user_agent":"","level":"","revision":"","cookie_id":"","page_referer":"","html_form":""},"acf":[],"_links":{"self":[{"href":"https:\/\/oldpatriarcatovenezia.glauco.it\/Evangelizzazione-e-Catechesi\/wp-json\/wp\/v2\/pages\/225"}],"collection":[{"href":"https:\/\/oldpatriarcatovenezia.glauco.it\/Evangelizzazione-e-Catechesi\/wp-json\/wp\/v2\/pages"}],"about":[{"href":"https:\/\/oldpatriarcatovenezia.glauco.it\/Evangelizzazione-e-Catechesi\/wp-json\/wp\/v2\/types\/page"}],"author":[{"embeddable":true,"href":"https:\/\/oldpatriarcatovenezia.glauco.it\/Evangelizzazione-e-Catechesi\/wp-json\/wp\/v2\/users\/9"}],"replies":[{"embeddable":true,"href":"https:\/\/oldpatriarcatovenezia.glauco.it\/Evangelizzazione-e-Catechesi\/wp-json\/wp\/v2\/comments?post=225"}],"version-history":[{"count":37,"href":"https:\/\/oldpatriarcatovenezia.glauco.it\/Evangelizzazione-e-Catechesi\/wp-json\/wp\/v2\/pages\/225\/revisions"}],"predecessor-version":[{"id":4371,"href":"https:\/\/oldpatriarcatovenezia.glauco.it\/Evangelizzazione-e-Catechesi\/wp-json\/wp\/v2\/pages\/225\/revisions\/4371"}],"up":[{"embeddable":true,"href":"https:\/\/oldpatriarcatovenezia.glauco.it\/Evangelizzazione-e-Catechesi\/wp-json\/wp\/v2\/pages\/2158"}],"wp:attachment":[{"href":"https:\/\/oldpatriarcatovenezia.glauco.it\/Evangelizzazione-e-Catechesi\/wp-json\/wp\/v2\/media?parent=225"}],"curies":[{"name":"wp","href":"https:\/\/api.w.org\/{rel}","templated":true}]}}