{"id":140,"date":"2016-01-11T11:10:49","date_gmt":"2016-01-11T10:10:49","guid":{"rendered":"https:\/\/www.patriarcatovenezia.it\/Evangelizzazione-e-Catechesi\/?page_id=140"},"modified":"2020-12-21T14:46:00","modified_gmt":"2020-12-21T13:46:00","slug":"la-catechesi-nellarte","status":"publish","type":"page","link":"https:\/\/oldpatriarcatovenezia.glauco.it\/Evangelizzazione-e-Catechesi\/settori\/la-catechesi-nellarte\/","title":{"rendered":"La catechesi nell&#8217;arte"},"content":{"rendered":"<p style=\"text-align: justify\"><a href=\"https:\/\/www.patriarcatovenezia.it\/Evangelizzazione-e-Catechesi\/wp-content\/uploads\/sites\/2\/2016\/01\/catnellarte.jpg\" data-rel=\"lightbox-image-0\" data-rl_title=\"\" data-rl_caption=\"\" title=\"\"><img loading=\"lazy\" class=\"size-full wp-image-169 aligncenter\" src=\"https:\/\/www.patriarcatovenezia.it\/Evangelizzazione-e-Catechesi\/wp-content\/uploads\/sites\/2\/2016\/01\/catnellarte.jpg\" alt=\"catnellarte\" width=\"1150\" height=\"507\" \/><\/a>L\u2019idea di un\u2019evangelizzazione nell\u2019arte a Venezia nasce parecchi anni fa, quando don Bruno Bertoli nel 1981 fonda la sezione \u201cArte e Spiritualit\u00e0\u201d dello Studium Cattolico Veneziano allo scopo di offrire ai credenti \u201cla possibilit\u00e0 di crescere nell\u2019intelligenza biblica e teologica e di pregare nel fascino della bellezza, contemplando i grandi misteri della fede cristiana tradotti nel linguaggio dell\u2019arte\u201d.<\/p>\n<p style=\"text-align: justify\">Muovendo da questa intuizione, nel 2011 l\u2019Ufficio Evangelizzazione e Catechesi del Patriarcato di Venezia in collaborazione con lo Studium Cattolico Veneziano-Sezione Arte e Spiritualit\u00e0 ha fatto nascere il progetto \u201cBella la nostra Chiesa! L\u2019arte a servizio dell\u2019iniziazione cristiana\u201d, e nel contempo ha avuto l\u2019idea di offrire un\u2019occasione di riflessione e di crescita attraverso l\u2019arte anche a tutti i fedeli della diocesi di Venezia, come pure a quelli di altre diocesi desiderosi di conoscere profondamente il patrimonio di arte e fede della citt\u00e0 marciana.<\/p>\n<p style=\"text-align: justify\">Il centro di ogni catechesi proposta, vuole essere non tanto il genio degli artefici \u2013 che comunque viene considerato in \u00a0tutto il suo spessore e il suo senso \u2013 bens\u00ec il <strong>volto storico-creativo della Chiesa di Venezia<\/strong>, ovvero la vocazione unica e irripetibile della chiesa locale letta attraverso il patrimonio di fede e cultura che la comunit\u00e0 ha lasciato nel tempo.\u00a0Scopo di ogni percorso di riflessione \u00e8 scoprire e vivere insieme l\u2019attualit\u00e0 di questo antico patrimonio e sperimentare come questa eredit\u00e0 artistica e spirituale ci riguardi ancora, superando la scontatezza data da un\u2019abitudinaria frequentazione, da un lato, e l\u2019anestesia dell\u2019erudizione dall\u2019altro.\u00a0Non \u00e8 solo un\u2019esperienza di vera bellezza quella che intende proporre la catechesi veneziana, ma soprattutto un passo di comprensione della verit\u00e0: verit\u00e0 dei significati delle immagini, verit\u00e0 di storia della Chiesa, e, non ultimo, verit\u00e0 del mistero di Dio che si mostra concretamente nei dettagli delle testimonianze artistiche.<\/p>\n<hr \/>\n<h3 style=\"text-align: center\"><span style=\"color: #333399\"><strong>LE PROPOSTE per l&#8217;a.p. 2020-2021<\/strong><\/span><\/h3>\n","protected":false},"excerpt":{"rendered":"<p>L\u2019idea di un\u2019evangelizzazione nell\u2019arte a Venezia nasce parecchi anni fa, quando don Bruno Bertoli nel 1981 fonda la sezione \u201cArte e Spiritualit\u00e0\u201d dello Studium Cattolico Veneziano allo scopo di offrire ai credenti \u201cla possibilit\u00e0 di crescere nell\u2019intelligenza biblica e teologica e di pregare nel fascino della bellezza, contemplando i grandi misteri della fede cristiana tradotti&#8230;  <a class=\"excerpt-read-more\" href=\"https:\/\/oldpatriarcatovenezia.glauco.it\/Evangelizzazione-e-Catechesi\/settori\/la-catechesi-nellarte\/\" title=\"Leggi La catechesi nell&#8217;arte\">&raquo; continua<\/a><\/p>\n","protected":false},"author":9,"featured_media":0,"parent":210,"menu_order":5,"comment_status":"closed","ping_status":"closed","template":"page-full-width.php","meta":{"ip_address":"","user_agent":"","level":"","revision":"","cookie_id":"","page_referer":"","html_form":""},"acf":[],"_links":{"self":[{"href":"https:\/\/oldpatriarcatovenezia.glauco.it\/Evangelizzazione-e-Catechesi\/wp-json\/wp\/v2\/pages\/140"}],"collection":[{"href":"https:\/\/oldpatriarcatovenezia.glauco.it\/Evangelizzazione-e-Catechesi\/wp-json\/wp\/v2\/pages"}],"about":[{"href":"https:\/\/oldpatriarcatovenezia.glauco.it\/Evangelizzazione-e-Catechesi\/wp-json\/wp\/v2\/types\/page"}],"author":[{"embeddable":true,"href":"https:\/\/oldpatriarcatovenezia.glauco.it\/Evangelizzazione-e-Catechesi\/wp-json\/wp\/v2\/users\/9"}],"replies":[{"embeddable":true,"href":"https:\/\/oldpatriarcatovenezia.glauco.it\/Evangelizzazione-e-Catechesi\/wp-json\/wp\/v2\/comments?post=140"}],"version-history":[{"count":9,"href":"https:\/\/oldpatriarcatovenezia.glauco.it\/Evangelizzazione-e-Catechesi\/wp-json\/wp\/v2\/pages\/140\/revisions"}],"predecessor-version":[{"id":3569,"href":"https:\/\/oldpatriarcatovenezia.glauco.it\/Evangelizzazione-e-Catechesi\/wp-json\/wp\/v2\/pages\/140\/revisions\/3569"}],"up":[{"embeddable":true,"href":"https:\/\/oldpatriarcatovenezia.glauco.it\/Evangelizzazione-e-Catechesi\/wp-json\/wp\/v2\/pages\/210"}],"wp:attachment":[{"href":"https:\/\/oldpatriarcatovenezia.glauco.it\/Evangelizzazione-e-Catechesi\/wp-json\/wp\/v2\/media?parent=140"}],"curies":[{"name":"wp","href":"https:\/\/api.w.org\/{rel}","templated":true}]}}